 + -4?
-3
Calculate -1 + 5 + -3 - 3.
-2
Calculate -2 + (-6 - -5) + 2 + 3.
2
-2 - (14 + -12 + (0 - 4))
0
Evaluate 3 - ((-5 - (-5 + 2)) + 0).
5
What is the value of 10 + -5 + (0 - 2) + 1?
4
What is -7 - 0 - (93 - 101)?
1
What is 0 + -6 + 1 + -5 + 5?
-5
Evaluate -2 - (3 + 4 + -7).
-2
Calculate -1 + (-3 - -5 - 1).
0
Evaluate 0 + -3 + 5 + 1 + -6.
-3
What is (5 - 2) + (-3 - 3) + 1?
-2
What is -26 + 26 - (-5 + 0)?
5
What is the value of 1 + 0 + (13 - (17 - 9))?
6
What is 0 - (4 + -4) - 2?
-2
What is the value of -5 + (-2 - -2 - 0 - -3)?
-2
3 + (0 - -1) + 0 + -3
1
Evaluate -186 + 184 + -1 + 2.
-1
Evaluate 1 + 6 + -3 + 0.
4
Calculate -4 + -1 - (16 + -24).
3
What is the value of (0 - 13) + (-61 - -66) - -11?
3
Evaluate (-1 - -2) + -1 + 11 + -14.
-3
What is the value of -2 + -1 + (-3 - -25 - 14)?
5
What is the value of -2 + 6 + 0 + -5?
-1
Evaluate (1 + -5 - -2) + (22 - 18).
2
Calculate 1 + (2 - -3) + (-2 - 0).
4
0 + (4 - 3) + 8 - 4
5
Calculate (8 - (9 - 7)) + (1 - 13).
-6
-1 + 0 - (-19 + 21)
-3
Evaluate 18 + -14 + -3 + -4.
-3
What is -2 - (-4 - -11) - -14?
5
What is -4 + (9 - 2 - -4)?
7
What is the value of 1 + 0 - ((-3 - 0) + 5)?
-1
Evaluate 0 + (-2 - -12) + -5.
5
2 - 3 - (3 - (4 - -1))
1
Calculate (6 - (-3 + 7)) + -2 - 3.
-3
5 + (0 - (10 - 4))
-1
6 - (0 - 3) - 4
5
What is the value of -2 - (1 + 1) - -1?
-3
What is the value of 2 + -2 + 8 + -3 + -1?
4
What is 0 - (-3 + (0 - -1) - 2)?
4
What is (3 - (1 + -2)) + (-4 - -1)?
1
What is the value of 6 - (7 + (7 - (-6 + 15)))?
1
Calculate (0 + -6 - -3) + (32 - 25).
4
What is the value of (8 + -2 - 5) + -4 + 4?
1
What is the value of 1 + (-1 - 2 - -7)?
5
Calculate 8 + (3 - 1) + -10.
0
What is the value of 3 + 6 - (6 - 1)?
4
Calculate 2 - (8 + -7 + 1 - 2).
2
Calculate 2 - (0 + -3 - 0).
5
What is 2 - -3 - (-12 + 19)?
-2
What is 8 + (-8 - (4 - 7))?
3
What is the value of -3 + (-3 + 2 - -3)?
-1
Evaluate -4 + 8 + -5 + -2.
-3
(-6 - 7 - -9) + 3
-1
What is -6 + 21 + -17 - (0 - 0)?
-2
-6 - -4 - (8 - (-8 - -14))
-4
What is 6 + (-11 - -9) + 2?
6
What is the value of 10 + -2 + -19 + 0?
-11
What is the value of 3 + (-1 - (-1 - -3))?
0
Calculate 6 + 0 + (11 - (-15 + 29)).
3
-2 + 8 - (-6 + 12 + -7)
7
5 - (4 + 1 + -5)
5
4 + -6 + 6 - 0
4
0 - 3 - (-1 - 0) - -2
0
Evaluate (-2 - -1) + -3 + 63 + -54.
5
What is the value of 7 + ((-13 - 1) + 5 - -6)?
4
Calculate -1 + 11 - (8 - 3).
5
What is the value of 1 + 0 + 19 + -11 + -6?
3
What is the value of -2 - (-5 + -1 + 3)?
1
What is the value of 31 + -37 + (0 - (-3 + 4))?
-7
Evaluate (1 - (1 - 5 - -11)) + 1.
-5
What is 1 + 0 + -2 + -1 + 3?
1
-2 + -6 + 2 + -4 + 6
-4
What is -1 - (2 + 1 - 1)?
-3
What is 2 + (-3 - -4) + 1?
4
What is the value of (1 - -9) + -10 + 1?
1
14 - 0 - (-24 + 30) - 3
5
What is -8 + (-5 + -1 - -6) + 1?
-7
Evaluate 5 + -3 + (11 - 5).
8
What is the value of (31 - 24) + -2 + -1?
4
What is the value of -3 - (-4 - (-1 + -1))?
-1
(-5 - 0) + (2 - -1)
-2
Calculate 1 - (1 + (-5 - -6)) - 0.
-1
(12 - (3 - -4)) + -10
-5
What is -6 - (-6 + 8 + -6)?
-2
What is the value of (4 - -1) + 0 + -5 + 1?
1
What is the value of -9 - ((-10 - -11) + -7)?
-3
(3 - (1 - -4)) + -2
-4
What is the value of (-3 - 1) + (0 - -3)?
-1
What is 9 - 3 - -1 - (3 - 0)?
4
Evaluate (-2 - 2 - -5) + -6.
-5
Calculate -1 + (2 - 0 - (-4 + 0)).
5
What is -2 - 4 - (-1 + (-1 - 2))?
-2
Evaluate 0 + 0 + 2 + 3.
5
(-6 - 0) + (24 - 24)
-6
What is (6 - 8) + (-1 - 1) - -6?
2
What is -5 + (5 - -5) + -5 + -2?
-2
Evaluate 2 - 7 - (9 + -12).
-2
2 + -4 + -4 - -10
4
Calculate -34 + 12 + 8 - -10.
-4
Evaluate -19 + 20 + 1 + -3 + 5.
4
Calculate (-1 - 2 - 3) + 5.
-1
What is (-1 - -1) + -41 + 48?
7
What is the value of 7 - 3 - (3 - (-5 - -4))?
0
Calculate (2 - (4 + 2)) + -4 + 5.
-3
Calculate 3 - (-1 + 9 - (-6 - -2)).
-9
What is the value of -8 - -5 - -7 - (-2 - -1)?
5
-1 - -3 - (1 - (14 + -14))
1
(-3 + 1 - 6) + 7
-1
What is the value of 7 + -11 + 10 + (-8 - -1)?
-1
What is -9 + -1 + 17 + -15?
-8
-1 + -1 + 1 + 7 + -2
4
What is 5 - (3 - -2 - 5)?
5
What is 2 + 3 - (-4 + 4)?
5
What is the value of 12 - 0 - (7 - 25 - -22)?
8
Calculate -2 + (-3 - -1) + (7 - 2).
1
16 + -16 + -2 + 0
-2
What is the value of 1 + 1 + -10 + 10?
2
7 + -7 + (3 - 7)
-4
Evaluate -2 + 1 + -1 + (46 - 44).
0
-20 + 10 - (0 - 5)
-5
What is -2 + 2 + -3 - (1 - 0)?
-4
Evaluate 23 + -25 - (-8 + (0 - 1)).
7
Calculate 0 + 3 + -2 - (18 + -11).
-6
Evaluate 33 - 36 - (-1 - 1 - -1).
-2
What is (0 - (-20 - -7)) + -7?
6
(-6 - 2) + 7 - 3
-4
What is 5 + 1 + (-16 - (-2 + -11))?
3
Calculate (5 + 0 - 2) + 2.
5
Calculate 1 - 0 - (4 + (-2 - -1)).
-2
What is 5 + -3 + 7 - 4?
5
-2 + (-4 - 1 - (-21 - -15))
-1
What is -77 + 79 - (-2 + -1)?
5
Calculate (-11 - (-4 + 0)) + 14.
7
What is the value of -7 + -2 + 6 - (-6 - -1)?
2
Evaluate 1 + 2 + (5 - 6).
2
Calculate 6 - (2 + (3 - 3) - -4).
0
What is the value of (-117 - -123) + (-3 - (0 - -1))?
2
What is (-1 - 3) + 6 + 1 + -8?
-5
Calculate -8 - (0 + -4) - (-1 + -3).
0
Calculate -13 - -16 - (1 + 2).
0
What is the value of -3 + 4 + 3 - -1?
5
What is the value of 3 - 8 - -5 - -3?
3
What is (-9 - -5 - -3) + 3 + 4?
6
What is the value of -5 - (-3 + 7 + -8)?
-1
Evaluate -2 + -4 + 0 + 10.
4
What is 7 + (-17 - -9) - (-1 - -2)?
-2
-6 + (9 - (6 + -4))
1
Calculate -9 - (-1 + (5 - 4 - 4)).
-5
Evaluate 6 + (-1 - -5 - 8).
2
What is the value of -10 + 12 + -2 + 0 + 5?
5
(2 - 0) + -4 - 1
-3
Calculate -1 + 1 + -8 + (-1 - -5).
-4
What is 2 - (-3 + 3 - -2 - 3)?
3
Calculate 2 + (3 - 8) + 2 + 6.
5
Evaluate 8 - 7 - (-3 - 0).
4
What is 8 + (5 - 11) + 2?
4
What is the value of (12 - 4) + (-4 - -1)?
5
What is the value of 4 - (9 - (1 - 1))?
-5
Calculate -3 - (-7 + (0 - -2)).
2
Calculate -10 - -1 - -6 - 2.
-5
What is the value of -2 + -5 + 3 - -1?
-3
What is -9 - -10 - (-1 - -6)?
-4
What is the value of -5 + 5 + -2 + -3?
-5
Calculate 2 - (-1 + 3 + -1) - -4.
5
Calculate 17 - (-1 - (1 - 11)).
8
What is the value of -1 + (9 - 5 - 0)?
3
Evaluate (4 - 7) + (9 + -5 - -7).
8
What is the value of (10 - 11) + 3 + -6?
-4
What is the value of -10 + (1 - (11 - 6 - 11))?
-3
What is the value of 2 - -1 - (3 - (7 + -4))?
3
What is 4 + -7 + (2 - -7)?
6
4 + 8 + -5 + -1
6
-1 - (4 - 7) - 4
-2
What is 8 + -6 + -5 - -3?
0
Evaluate -1 - -3 - (3 + -5).
4
3 + -2 + (-3 - 0)
-2
What is the value of -3 + (3 + -2 + -1 - 0)?
-3
8 - ((-3 - -7 - 4) + 4)
4
What is the value of -3 + 3 + 5 + -11?
-6
Evaluate 2 - ((-5 + 2 - -4) + 2).
-1
What is the value of -2 + (1 + 1 - (-3 - -8))?
-5
Evaluate -9 + 2 - (0 + -7) - -2.
2
Calculate (2 - 6) + 5 - 5.
-4
What is the value of (-8 - ((0 - 0) + 0)) + 3?
-5
4 - (15 + (-18 - -9))
-2
What is the value of 1 + -6 - (-1 - (0 - 2))?
-6
What is -8 - (-3 + 3 + -6)?
-2
What is the value of 3 - (-16 - -11 - (-2 + 4))?
10
What is -7 - ((6 - 11) + 3)?
-5
Calculate (-1 - (3 + -2)) + (4 - 1).
1
Calculate 25 - 17 - -2 - (3 - -2).
5
What is the value of -2 - 1 - (-8 - -1)?
4
What is the value of 6 + (-5 - (0 - 5) - 5)?
1
-8 + 4 + 5 + 3 - 3
1
What is the value of (1 - (-3 + 1)) + -5?
-2
Calculate 9 + -8 - (-1 - -3 - 3).
2
What is the value of 13 + -20 + 11 + (-15 - -3)?
-8
-3 + 0 + 5 + -3
-1
What is the value of (-3 + 2 - (-5 + 1)) + 2?
5
What is the value of (2 + -8 + 10 - 3) + 6?
7
Calculate 5 + -2 - -1 - 5 - -3.
2
-9 + 4 + 11 + -12
-6
Calculate -2 - (-5 - (5 + -14 - -5)).
-1
Evaluate -3 - (1 + -3 + -5).
4
Evaluate (-9 - -2) + 0 + 1.
-6
Calculate 5 + (8 + -7 - 1).
5
Calculate -2 - (6 - 7 - (7 - 4)).
2
-3 - (-4 + (6 - (7 - 1)))
1
-2 - (0 + 0 + 0)
-2
What is the value of 0 + (2 - 2) + 0?
0
Evaluate -3 + -6 + (-6 - -14).
-1
What is (0 - 3) + (-7 - -14)?
4
Evaluate -3 + 1 + (17 - 19).
-4
What is the value of 0 + 1 + (-3 - -5 - 2)?
1
Evaluate -5 + 4 + (5 - 5).
-1
What is the value of 11 - (-6 + 12 - 0)?
5
Calculate -9 + (7 - -2 - -5).
5
9 - 5 - 10 - (0 + -1)
-5
(1 - 3) + (-4 - (-3 + 0))
-3
3 + (0 - 3) + 1 - -3
4
What is -7 - (0 + (1 - 4))?
-4
What is the value of -6 + (-5 + -1 - (0 - 8))?
-4
What is the value of 11 - ((6 - 1) + 2)?
4
Evaluate -6 + 1 + -7 + 14.
2
Evaluate -1 - (-12 + 3) - (11 - 4).
1
What is (3 - 0) + (7 - 12)?
-2
(17 + -7 - 2 - 7) + -6
-5
-5 - (-10 - -2) - 1
2
What is 7 - 0 - 2 - 7?
-2
Calculate (-2 - 2) + (0 - 0).
-4
10 + -1 + -7 + 1 + 3
6
Calculate -74 + 63 - (-2 - 1).
-8
3 + -3 + (6 - 2) - -2
6
Calculate (4 - 5) + (1 - -3).
3
Evaluate 1 + -2 - (-4 - (-7 - -2)).
-2
Wha